digit of 8806?
0
What is the units digit of 14676?
6
What is the hundreds digit of 485?
4
What is the ten thousands digit of 13711?
1
What is the tens digit of 199935?
3
What is the tens digit of 1044?
4
What is the hundreds digit of 4273?
2
What is the thousands digit of 53351?
3
What is the hundreds digit of 562?
5
What is the tens digit of 1494?
9
What is the thousands digit of 1536?
1
What is the units digit of 3916?
6
What is the hundreds digit of 539?
5
What is the tens digit of 21995?
9
What is the tens digit of 972?
7
What is the thousands digit of 15355?
5
What is the units digit of 15752?
2
What is the units digit of 2249?
9
What is the tens digit of 9621?
2
What is the units digit of 3442?
2
What is the units digit of 31?
1
What is the thousands digit of 3772?
3
What is the tens digit of 4827?
2
What is the units digit of 1043?
3
What is the thousands digit of 7162?
7
What is the tens digit of 4067?
6
What is the hundreds digit of 53261?
2
What is the hundreds digit of 35030?
0
What is the tens digit of 16247?
4
What is the hundreds digit of 14601?
6
What is the hundreds digit of 2954?
9
What is the units digit of 68724?
4
What is the units digit of 3046?
6
What is the thousands digit of 16727?
6
What is the units digit of 1158?
8
What is the hundreds digit of 8313?
3
What is the units digit of 2699?
9
What is the thousands digit of 3674?
3
What is the hundreds digit of 1734?
7
What is the units digit of 798?
8
What is the units digit of 841?
1
What is the hundreds digit of 184?
1
What is the tens digit of 4422?
2
What is the tens digit of 620?
2
What is the thousands digit of 40218?
0
What is the thousands digit of 3781?
3
What is the hundreds digit of 323?
3
What is the units digit of 1070?
0
What is the thousands digit of 8437?
8
What is the tens digit of 654?
5
What is the tens digit of 10062?
6
What is the hundreds digit of 17263?
2
What is the tens digit of 27737?
3
What is the tens digit of 982?
8
What is the tens digit of 2854?
5
What is the hundreds digit of 4725?
7
What is the hundreds digit of 532?
5
What is the tens digit of 6112?
1
What is the ten thousands digit of 34002?
3
What is the tens digit of 3384?
8
What is the hundreds digit of 932?
9
What is the tens digit of 2963?
6
What is the tens digit of 17205?
0
What is the hundreds digit of 760?
7
What is the tens digit of 3116?
1
What is the hundreds digit of 578?
5
What is the thousands digit of 12102?
2
What is the hundreds digit of 344?
3
What is the units digit of 6605?
5
What is the thousands digit of 2556?
2
What is the thousands digit of 5881?
5
What is the tens digit of 11599?
9
What is the thousands digit of 6495?
6
What is the thousands digit of 3599?
3
What is the thousands digit of 24036?
4
What is the hundreds digit of 3938?
9
What is the units digit of 81333?
3
What is the ten thousands digit of 29206?
2
What is the units digit of 697?
7
What is the tens digit of 5708?
0
What is the ten thousands digit of 35611?
3
What is the tens digit of 12370?
7
What is the thousands digit of 17170?
7
What is the hundreds digit of 10514?
5
What is the thousands digit of 2739?
2
What is the thousands digit of 9768?
9
What is the ten thousands digit of 165688?
6
What is the tens digit of 8954?
5
What is the tens digit of 234?
3
What is the hundreds digit of 5316?
3
What is the hundreds digit of 755?
7
What is the units digit of 10586?
6
What is the units digit of 8176?
6
What is the hundreds digit of 6453?
4
What is the hundreds digit of 1196?
1
What is the tens digit of 133?
3
What is the tens digit of 23866?
6
What is the units digit of 269?
9
What is the tens digit of 21648?
4
What is the units digit of 864?
4
What is the units digit of 5?
5
What is the hundreds digit of 780?
7
What is the units digit of 9273?
3
What is the units digit of 722?
2
What is the tens digit of 261?
6
What is the thousands digit of 45371?
5
What is the ten thousands digit of 19571?
1
What is the tens digit of 9491?
9
What is the tens digit of 5456?
5
What is the ten thousands digit of 10284?
1
What is the thousands digit of 39460?
9
What is the units digit of 744?
4
What is the thousands digit of 35027?
5
What is the tens digit of 166586?
8
What is the thousands digit of 5796?
5
What is the tens digit of 3006?
0
What is the hundreds digit of 911?
9
What is the tens digit of 5844?
4
What is the units digit of 5263?
3
What is the units digit of 1256?
6
What is the hundreds digit of 11892?
8
What is the tens digit of 2629?
2
What is the thousands digit of 3518?
3
What is the tens digit of 1198?
9
What is the tens digit of 899?
9
What is the thousands digit of 1681?
1
What is the tens digit of 62316?
1
What is the hundreds digit of 8026?
0
What is the thousands digit of 2931?
2
What is the tens digit of 26294?
9
What is the hundreds digit of 1679?
6
What is the tens digit of 31?
3
What is the thousands digit of 7517?
7
What is the units digit of 141718?
8
What is the units digit of 6213?
3
What is the tens digit of 7132?
3
What is the units digit of 20568?
8
What is the ten thousands digit of 66318?
6
What is the hundreds digit of 5156?
1
What is the units digit of 410?
0
What is the ten thousands digit of 109710?
0
What is the tens digit of 9496?
9
What is the thousands digit of 11831?
1
What is the ten thousands digit of 54920?
5
What is the ten thousands digit of 44521?
4
What is the thousands digit of 46181?
6
What is the thousands digit of 12163?
2
What is the tens digit of 420?
2
What is the units digit of 61239?
9
What is the hundreds digit of 819?
8
What is the tens digit of 123?
2
What is the hundreds digit of 643?
6
What is the tens digit of 197?
9
What is the hundreds digit of 2832?
8
What is the thousands digit of 2964?
2
What is the units digit of 3138?
8
What is the thousands digit of 5725?
5
What is the tens digit of 8290?
9
What is the tens digit of 21677?
7
What is the units digit of 9265?
5
What is the tens digit of 3125?
2
What is the ten thousands digit of 81310?
8
What is the units digit of 19247?
7
What is the tens digit of 16933?
3
What is the tens digit of 10522?
2
What is the thousands digit of 80947?
0
What is the hundreds digit of 28673?
6
What is the hundreds digit of 6513?
5
What is the units digit of 1124?
4
What is the units digit of 26536?
6
What is the thousands digit of 15445?
5
What is the units digit of 8833?
3
What is the hundreds digit of 4497?
4
What is the tens digit of 82752?
5
What is the units digit of 2306?
6
What is the tens digit of 1835?
3
What is the tens digit of 69571?
7
What is the hundreds digit of 968?
9
What is the thousands digit of 10974?
0
What is the units digit of 5118?
8
What is the thousands digit of 1815?
1
What is the hundreds digit of 2681?
6
What is the units digit of 68445?
5
What is the thousands digit of 1234?
1
What is the hundreds digit of 1754?
7
What is the tens digit of 147320?
2
What is the units digit of 6672?
2
What is the thousands digit of 13999?
3
What is the hundreds digit of 6357?
3
What is the tens digit of 115882?
8
What is the units digit of 1312?
2
What is the ten thousands digit of 35568?
3
What is the tens digit of 46014?
1
What is the thousands digit of 18004?
8
What is the units digit of 1084?
4
What is the tens digit of 1699?
9
What is the tens digit of 3030?
3
What is the thousands digit of 16886?
6
What is the tens digit of 4897?
9
What is the thousands digit of 11806?
1
What is the ten thousands digit of 39751?
3
What is the hundreds digit of 30205?
2
What is the tens digit of 35864?
6
What is the tens digit of 4048?
4
What is the tens digit of 6841?
4
What is the thousands digit of 24660?
4
What is the units digit of 683?
3
What is the thousands digit of 45773?
5
What is the hundreds digit of 6741?
7
What is the thousands digit of 57556?
7
What is the hundreds digit of 13375?
3
What is the thousands digit of 13963?
3
What is the tens digit of 779?
7
What is the thousands digit of 4675?
4
What is the tens digit of 888?
8
What is the hundreds digit of 1140?
1
What is the ten thousands digit of 27757?
2
What is the thousands digit of 29716?
9
What is the tens digit of 590?
9
What is the tens digit of 3409?
0
What is the units digit of 44922?
2
What is the tens digit of 430?
3
What is the tens digit o